{"id":232,"date":"2019-09-04T01:05:19","date_gmt":"2019-09-03T22:05:19","guid":{"rendered":"http:\/\/bisikletlikadin.hidayetyanik.com\/?page_id=232"},"modified":"2019-11-08T12:35:25","modified_gmt":"2019-11-08T12:35:25","slug":"zeynep-arapoglu-2","status":"publish","type":"page","link":"https:\/\/bisikletlikadin.com\/en\/zeynep-arapoglu-2\/","title":{"rendered":"Zeynep Arapo\u011flu"},"content":{"rendered":"<div class=\"aux-vc-wrapper\" >[vc_row][vc_column width=&#8221;1\/4&#8243;][vc_single_image image=&#8221;946&#8243; img_size=&#8221;400&#215;300&#8243; onclick=&#8221;link_image&#8221;][\/vc_column][vc_column width=&#8221;3\/4&#8243;][vc_column_text]Visual Designer. In 2013, she took a bicycle and incorporated it step by step into her life. Now she owns,\u00a0one city and the other folding, two bicycles. She uses bicycles in Istanbul, where she lives, and in every city she visits. She is one of the representatives of the <strong>Cyclists Transport Platform<\/strong> who works to promote bicycle transportation in Turkey and to create awareness on this subject. She visited Berlin, for the project Berlin Istanbul Bicycle Talks series, designed with the partnership of Changing Cities and Cyclist Transportation Platform.<\/p>\n<p>Zeynep Arapo\u011flu, one of the seven women who founded the <strong>Women on Bicycle Initiative<\/strong>, participated in the <strong>Facebook Community Leadership Program<\/strong> and ran the My Bicycle My City project with the support she received from the program. She prepared and presented the Trapeze Frame program, where women on bicycle stories were shared at A\u00e7\u0131k Radyo, with Se\u00e7il Zor during two broadcast periods. Arapo\u011flu voicing, in Turkey the majority of the cycling community are formed by men and she wants\u00a0raising awareness about the thousands of women cycling in the country by\u00a0sharing their voice and experiences, to be able to let them make their own choices and aims to increase the number of women who ride bicycles.[\/vc_column_text][\/vc_column][\/vc_row]\n<\/div> ","protected":false},"excerpt":{"rendered":"<p>[vc_row][vc_column width=&#8221;1\/4&#8243;][vc_single_image image=&#8221;946&#8243; img_size=&#8221;400&#215;300&#8243; onclick=&#8221;link_image&#8221;][\/vc_column][vc_column width=&#8221;3\/4&#8243;][vc_column_text]Visual Designer. In 2013, she took a bicycle and incorporated it step by step into her life. Now she owns,\u00a0one city and the other folding, two bicycles. She uses bicycles in Istanbul, where she lives, and in every city she visits. She is one of the representatives of the Cyclists [&hellip;]<\/p>\n","protected":false},"author":1,"featured_media":0,"parent":0,"menu_order":0,"comment_status":"closed","ping_status":"closed","template":"","meta":{"footnotes":""},"class_list":["post-232","page","type-page","status-publish","hentry","aux-has-pb","aux-has-vc"],"_links":{"self":[{"href":"https:\/\/bisikletlikadin.com\/en\/wp-json\/wp\/v2\/pages\/232"}],"collection":[{"href":"https:\/\/bisikletlikadin.com\/en\/wp-json\/wp\/v2\/pages"}],"about":[{"href":"https:\/\/bisikletlikadin.com\/en\/wp-json\/wp\/v2\/types\/page"}],"author":[{"embeddable":true,"href":"https:\/\/bisikletlikadin.com\/en\/wp-json\/wp\/v2\/users\/1"}],"replies":[{"embeddable":true,"href":"https:\/\/bisikletlikadin.com\/en\/wp-json\/wp\/v2\/comments?post=232"}],"version-history":[{"count":0,"href":"https:\/\/bisikletlikadin.com\/en\/wp-json\/wp\/v2\/pages\/232\/revisions"}],"wp:attachment":[{"href":"https:\/\/bisikletlikadin.com\/en\/wp-json\/wp\/v2\/media?parent=232"}],"curies":[{"name":"wp","href":"https:\/\/api.w.org\/{rel}","templated":true}]}}

Zeynep Arapoğlu

<div class="aux-vc-wrapper" >[vc_row][vc_column width=&#8221;1/4&#8243;][vc_single_image image=&#8221;946&#8243; img_size=&#8221;400&#215;300&#8243; onclick=&#8221;link_image&#8221;][/vc_column][vc_column width=&#8221;3/4&#8243;][vc_column_text]Visual Designer. In 2013, she took a bicycle and incorporated it step by step into her life. Now she owns, one city and the other folding, two bicycles. She uses bicycles in Istanbul, where she lives, and in every city she visits. She is one of the representatives of the <strong>Cyclists Transport Platform</strong> who works to promote bicycle transportation in Turkey and to create awareness on this subject. She visited Berlin, for the project Berlin Istanbul Bicycle Talks series, designed with the partnership of Changing Cities and Cyclist Transportation Platform.</p>
<p>Zeynep Arapoğlu, one of the seven women who founded the <strong>Women on Bicycle Initiative</strong>, participated in the <strong>Facebook Community Leadership Program</strong> and ran the My Bicycle My City project with the support she received from the program. She prepared and presented the Trapeze Frame program, where women on bicycle stories were shared at Açık Radyo, with Seçil Zor during two broadcast periods. Arapoğlu voicing, in Turkey the majority of the cycling community are formed by men and she wants raising awareness about the thousands of women cycling in the country by sharing their voice and experiences, to be able to let them make their own choices and aims to increase the number of women who ride bicycles.[/vc_column_text][/vc_column][/vc_row]
</div>
